{"id":97,"date":"2020-08-16T14:53:15","date_gmt":"2020-08-16T12:53:15","guid":{"rendered":"https:\/\/studio-imagin.fr\/accueil\/?page_id=97"},"modified":"2021-02-03T15:11:48","modified_gmt":"2021-02-03T14:11:48","slug":"gravure-laser","status":"publish","type":"page","link":"https:\/\/studio-imagin.fr\/accueil\/gravure-laser\/","title":{"rendered":"Gravure laser"},"content":{"rendered":"\n<p>Tout comme la d\u00e9coupe laser, nous proposons la gravure sur diff\u00e9rents supports :<\/p>\n\n\n\n<ul class=\"wp-block-list\"><li>le bois<\/li><li>le carton<\/li><li>le cuir<\/li><li>le plexiglas<\/li><\/ul>\n\n\n\n<p>Ce service est ouvert aux particuliers et aux professionnels. Nous ne r\u00e9alisons pas de gravure \u00e0 partir des objets fournis par les clients.<\/p>\n\n\n\n<p>Nous travaillons sur machine Trotec permettant une gravure de haute qualit\u00e9 tr\u00e8s pr\u00e9cise.<\/p>\n\n\n\n<p>Pour toute demande, et au regard de la complexit\u00e9 du travail, nous vous conseillons de toujours proc\u00e9der \u00e0 une demande quant au travail recherch\u00e9.<\/p>\n","protected":false},"excerpt":{"rendered":"<p>Tout comme la d\u00e9coupe laser, nous proposons la gravure sur diff\u00e9rents supports : le bois le carton le cuir le plexiglas Ce service est ouvert aux particuliers et aux professionnels. Nous ne r\u00e9alisons pas de gravure \u00e0 partir des objets fournis par les clients. Nous travaillons sur machine Trotec permettant une gravure de haute qualit\u00e9 &hellip; <\/p>\n<p class=\"link-more\"><a href=\"https:\/\/studio-imagin.fr\/accueil\/gravure-laser\/\" class=\"more-link\">Continuer la lecture<span class=\"screen-reader-text\"> de &laquo;&nbsp;Gravure laser&nbsp;&raquo;<\/span><\/a><\/p>\n","protected":false},"author":1,"featured_media":0,"parent":0,"menu_order":0,"comment_status":"closed","ping_status":"closed","template":"","meta":{"footnotes":""},"class_list":["post-97","page","type-page","status-publish","hentry"],"yoast_head":"<!-- This site is optimized with the Yoast SEO plugin v22.5 - https:\/\/yoast.com\/wordpress\/plugins\/seo\/ -->\n<title>Gravure laser - Atelier et studio photo imag&#039;in<\/title>\n<meta name=\"robots\" content=\"index, follow, max-snippet:-1, max-image-preview:large, max-video-preview:-1\" \/>\n<link rel=\"canonical\" href=\"https:\/\/studio-imagin.fr\/accueil\/gravure-laser\/\" \/>\n<meta property=\"og:locale\" content=\"fr_FR\" \/>\n<meta property=\"og:type\" content=\"article\" \/>\n<meta property=\"og:title\" content=\"Gravure laser - Atelier et studio photo imag&#039;in\" \/>\n<meta property=\"og:description\" content=\"Tout comme la d\u00e9coupe laser, nous proposons la gravure sur diff\u00e9rents supports : le bois le carton le cuir le plexiglas Ce service est ouvert aux particuliers et aux professionnels. Nous ne r\u00e9alisons pas de gravure \u00e0 partir des objets fournis par les clients. Nous travaillons sur machine Trotec permettant une gravure de haute qualit\u00e9 &hellip; Continuer la lecture de &laquo;&nbsp;Gravure laser&nbsp;&raquo;\" \/>\n<meta property=\"og:url\" content=\"https:\/\/studio-imagin.fr\/accueil\/gravure-laser\/\" \/>\n<meta property=\"og:site_name\" content=\"Atelier et studio photo imag&#039;in\" \/>\n<meta property=\"article:modified_time\" content=\"2021-02-03T14:11:48+00:00\" \/>\n<meta name=\"twitter:card\" content=\"summary_large_image\" \/>\n<meta name=\"twitter:label1\" content=\"Dur\u00e9e de lecture estim\u00e9e\" \/>\n\t<meta name=\"twitter:data1\" content=\"1 minute\" \/>\n<script type=\"application\/ld+json\" class=\"yoast-schema-graph\">{\"@context\":\"https:\/\/schema.org\",\"@graph\":[{\"@type\":\"WebPage\",\"@id\":\"https:\/\/studio-imagin.fr\/accueil\/gravure-laser\/\",\"url\":\"https:\/\/studio-imagin.fr\/accueil\/gravure-laser\/\",\"name\":\"Gravure laser - Atelier et studio photo imag&#039;in\",\"isPartOf\":{\"@id\":\"https:\/\/studio-imagin.fr\/accueil\/#website\"},\"datePublished\":\"2020-08-16T12:53:15+00:00\",\"dateModified\":\"2021-02-03T14:11:48+00:00\",\"breadcrumb\":{\"@id\":\"https:\/\/studio-imagin.fr\/accueil\/gravure-laser\/#breadcrumb\"},\"inLanguage\":\"fr-FR\",\"potentialAction\":[{\"@type\":\"ReadAction\",\"target\":[\"https:\/\/studio-imagin.fr\/accueil\/gravure-laser\/\"]}]},{\"@type\":\"BreadcrumbList\",\"@id\":\"https:\/\/studio-imagin.fr\/accueil\/gravure-laser\/#breadcrumb\",\"itemListElement\":[{\"@type\":\"ListItem\",\"position\":1,\"name\":\"Accueil\",\"item\":\"https:\/\/studio-imagin.fr\/accueil\/\"},{\"@type\":\"ListItem\",\"position\":2,\"name\":\"Gravure laser\"}]},{\"@type\":\"WebSite\",\"@id\":\"https:\/\/studio-imagin.fr\/accueil\/#website\",\"url\":\"https:\/\/studio-imagin.fr\/accueil\/\",\"name\":\"Atelier et studio photo imag&#039;in\",\"description\":\"Bonjour et Bienvenue sur le site de Imag&#039;in \u00e0 Cuinchy - Photographe Blat Pascal\",\"potentialAction\":[{\"@type\":\"SearchAction\",\"target\":{\"@type\":\"EntryPoint\",\"urlTemplate\":\"https:\/\/studio-imagin.fr\/accueil\/?s={search_term_string}\"},\"query-input\":\"required name=search_term_string\"}],\"inLanguage\":\"fr-FR\"}]}<\/script>\n<!-- \/ Yoast SEO plugin. -->","yoast_head_json":{"title":"Gravure laser - Atelier et studio photo imag&#039;in","robots":{"index":"index","follow":"follow","max-snippet":"max-snippet:-1","max-image-preview":"max-image-preview:large","max-video-preview":"max-video-preview:-1"},"canonical":"https:\/\/studio-imagin.fr\/accueil\/gravure-laser\/","og_locale":"fr_FR","og_type":"article","og_title":"Gravure laser - Atelier et studio photo imag&#039;in","og_description":"Tout comme la d\u00e9coupe laser, nous proposons la gravure sur diff\u00e9rents supports : le bois le carton le cuir le plexiglas Ce service est ouvert aux particuliers et aux professionnels. Nous ne r\u00e9alisons pas de gravure \u00e0 partir des objets fournis par les clients. Nous travaillons sur machine Trotec permettant une gravure de haute qualit\u00e9 &hellip; Continuer la lecture de &laquo;&nbsp;Gravure laser&nbsp;&raquo;","og_url":"https:\/\/studio-imagin.fr\/accueil\/gravure-laser\/","og_site_name":"Atelier et studio photo imag&#039;in","article_modified_time":"2021-02-03T14:11:48+00:00","twitter_card":"summary_large_image","twitter_misc":{"Dur\u00e9e de lecture estim\u00e9e":"1 minute"},"schema":{"@context":"https:\/\/schema.org","@graph":[{"@type":"WebPage","@id":"https:\/\/studio-imagin.fr\/accueil\/gravure-laser\/","url":"https:\/\/studio-imagin.fr\/accueil\/gravure-laser\/","name":"Gravure laser - Atelier et studio photo imag&#039;in","isPartOf":{"@id":"https:\/\/studio-imagin.fr\/accueil\/#website"},"datePublished":"2020-08-16T12:53:15+00:00","dateModified":"2021-02-03T14:11:48+00:00","breadcrumb":{"@id":"https:\/\/studio-imagin.fr\/accueil\/gravure-laser\/#breadcrumb"},"inLanguage":"fr-FR","potentialAction":[{"@type":"ReadAction","target":["https:\/\/studio-imagin.fr\/accueil\/gravure-laser\/"]}]},{"@type":"BreadcrumbList","@id":"https:\/\/studio-imagin.fr\/accueil\/gravure-laser\/#breadcrumb","itemListElement":[{"@type":"ListItem","position":1,"name":"Accueil","item":"https:\/\/studio-imagin.fr\/accueil\/"},{"@type":"ListItem","position":2,"name":"Gravure laser"}]},{"@type":"WebSite","@id":"https:\/\/studio-imagin.fr\/accueil\/#website","url":"https:\/\/studio-imagin.fr\/accueil\/","name":"Atelier et studio photo imag&#039;in","description":"Bonjour et Bienvenue sur le site de Imag&#039;in \u00e0 Cuinchy - Photographe Blat Pascal","potentialAction":[{"@type":"SearchAction","target":{"@type":"EntryPoint","urlTemplate":"https:\/\/studio-imagin.fr\/accueil\/?s={search_term_string}"},"query-input":"required name=search_term_string"}],"inLanguage":"fr-FR"}]}},"_links":{"self":[{"href":"https:\/\/studio-imagin.fr\/accueil\/wp-json\/wp\/v2\/pages\/97","targetHints":{"allow":["GET"]}}],"collection":[{"href":"https:\/\/studio-imagin.fr\/accueil\/wp-json\/wp\/v2\/pages"}],"about":[{"href":"https:\/\/studio-imagin.fr\/accueil\/wp-json\/wp\/v2\/types\/page"}],"author":[{"embeddable":true,"href":"https:\/\/studio-imagin.fr\/accueil\/wp-json\/wp\/v2\/users\/1"}],"replies":[{"embeddable":true,"href":"https:\/\/studio-imagin.fr\/accueil\/wp-json\/wp\/v2\/comments?post=97"}],"version-history":[{"count":3,"href":"https:\/\/studio-imagin.fr\/accueil\/wp-json\/wp\/v2\/pages\/97\/revisions"}],"predecessor-version":[{"id":332,"href":"https:\/\/studio-imagin.fr\/accueil\/wp-json\/wp\/v2\/pages\/97\/revisions\/332"}],"wp:attachment":[{"href":"https:\/\/studio-imagin.fr\/accueil\/wp-json\/wp\/v2\/media?parent=97"}],"curies":[{"name":"wp","href":"https:\/\/api.w.org\/{rel}","templated":true}]}}